+ x*b + 147, -5*b = 0. What is the remainder when h is divided by 17?
15
Let x = -5 - -20. Suppose 3 = v - 0*v, 3*v + 211 = 5*r. Calculate the remainder when r is divided by x.
14
Let s(k) be the second derivative of k**4/6 - k**3 - 3*k**2 + 2*k. Calculate the remainder when 40 is divided by s(5).
12
Let f = -9 + 11. Suppose 20 = 4*q, -f*x + 0*x = -2*q - 6. Calculate the remainder when 79 is divided by 2/x + 535/20.
25
Let w(k) = 2*k**3 - 3*k**2 + 4*k - 1. Let p be w(3). Let v = 67 - p. What is the remainder when v is divided by 10?
9
Let a(h) = 17*h + 7. Calculate the remainder when a(6) is divided by 28.
25
What is the remainder when 35 is divided by 12/2 + (-1 - -4)?
8
Let f(z) = z**2 + 3*z - 14. Calculate the remainder when 36 is divided by f(-7).
8
Suppose -3*s = 2*x - 0*s - 1, 0 = 3*x + 5*s. Let c be (22/x)/((-2)/(-10)). Suppose -5*v - c = -167. Calculate the remainder when v is divided by 15.
14
Let z(o) = -o**2 + 55. Suppose 5*q - 52 - 43 = 0. Calculate the remainder when z(0) is divided by q.
17
Suppose -x = 3*x - 20. Suppose 0 = -q + 11 + x. What is the remainder when 63 is divided by q?
15
What is the remainder when 18 is divided by (116/(-12) + 3)*(-12)/10?
2
What is the remainder when 105 is divided by (2 - (4 + -3))*-2*-9?
15
Calculate the remainder when (-4)/10 + (-882)/(-30) is divided by 10.
9
Suppose -12*u + 24 = -10*u. Calculate the remainder when 47 is divided by u.
11
Let k = -3 + 17. Suppose 24 = y + 3*y. Calculate the remainder when k is divided by 46/y + (-8)/(-24).
6
Let y = -36 + 42. Let p(n) = -10*n + 1. Calculate the remainder when p(-1) is divided by y.
5
Let g(b) = 8*b**2 - 1. Let d(a) = -a**2 + 1. Let l be d(0). What is the remainder when g(l) is divided by 3?
1
Let h(y) = 2*y**2 + 2*y - 2. Let a = -3 - -39. Calculate the remainder when a is divided by h(2).
6
Let n(f) = f**2 - f. Let o be n(3). Suppose -o = -p + 7. Suppose 22 = 5*v - 13. What is the remainder when p is divided by v?
6
Let p be 4/(-6) + 82/6. Suppose d - 10 = -2*c - 2, 4*c = 3*d + 36. Let t = p - c. Calculate the remainder when t is divided by 4.
3
Let d be (-2 - (-4)/8)*-2. Suppose d*i + 7*y - 35 = 2*y, 25 = i + 5*y. Let f(o) = o**2 + 4*o - 2. Calculate the remainder when i is divided by f(-5).
2
Suppose 2*s + 14 = 4*s. What is the remainder when 39 is divided by s?
4
Let o(j) = 8*j - 55. What is the remainder when o(10) is divided by 14?
11
Let m = 1 + 3. What is the remainder when 30 is divided by 12/((-6)/m - -3)?
6
Let z(a) = a**3 + 5*a**2 + 5*a + 5. What is the remainder when 15 is divided by z(-3)?
7
Let k(m) = -m**2 + 6*m + 7. Let h be k(5). Suppose -b - h = -4*b. Suppose 34 = -b*d + 6*d. Calculate the remainder when d is divided by 6.
5
Suppose 3*n = 5*i - 10, 3*n - 7*n = -4*i. What is the remainder when i is divided by 3?
2
Suppose 2*x = 233 + 49. Suppose -5*w + 70 = f - 5*f, 3*w + 3*f - 69 = 0. Calculate the remainder when w is divided by 4/14 - x/(-21).
4
Let a = -13 + 18. Suppose -a*g = -10*g + 45. What is the remainder when 17 is divided by g?
8
Let j be -2 + 28 + -2 + 2. Let d = 57 - j. What is the remainder when d is divided by 16?
15
Let o = 9 - -6. What is the remainder when 36 is divided by o?
6
Let i(y) = -y + 5. Let z be i(5). Suppose -2*v + 6 = -0*v. What is the remainder when z/(v + -1) - -17 is divided by 6?
5
Let y = 37 + -20. What is the remainder when y is divided by 9?
8
Suppose -4*z = -11 - 13. Suppose 0 = 3*l + 4 - 49. Calculate the remainder when l is divided by z.
3
Let z = 30 - 17. Calculate the remainder when z is divided by 4.
1
Suppose 0 = -3*f + 4 + 38. What is the remainder when 55 is divided by f?
13
Suppose -3*l - 5*d - 12 = -2*d, 6 = -5*l + 2*d. What is the remainder when 2*42/4 + l is divided by (63/18)/(1/2)?
5
Let p be (-36)/24*40/6. Let l(g) = g**3 + 11*g**2 + 9*g. What is the remainder when 19 is divided by l(p)?
9
Suppose 0 = -4*u - a + 258, 0 = -5*u + 5*a + 74 + 261. Calculate the remainder when u is divided by 14.
9
Suppose -6*r = -11*r + 145. Calculate the remainder when r is divided by 15.
14
Let l(d) = 13*d - 54. Suppose 2 = 5*j - 13. Calculate the remainder when l(5) is divided by j.
2
Suppose -9 = -13*c + 10*c. Suppose 0 = 2*d + 5*i - 5, -4*d + 0*i + 3*i = -23. Calculate the remainder when d is divided by c.
2
Suppose 4*f + 1030 = 6*f. Calculate the remainder when f/9 + (-4)/18 is divided by 20.
17
Suppose 10 = -6*v + 8*v. Calculate the remainder when (-49)/(-3) + 18/27 is divided by v.
2
Let z(q) = 4*q - 2. Let j be z(6). Let v = -18 + j. Calculate the remainder when 14 is divided by v.
2
Let c = -50 - -83. Calculate the remainder when c is divided by 12.
9
Let z(i) = i. What is the remainder when 15 is divided by z(5)?
0
Let q(t) = 5*t - 7. Let f = -4 + 8. Suppose f*v - 14 - 10 = 0. What is the remainder when 68 is divided by q(v)?
22
Let g be 1*1/(4/12). Suppose 4*t + 5*b - 94 = -11, -t - g*b = -26. Calculate the remainder when (-1 - -9)*50/8 is divided by t.
16
Let f = -52 - -101. Calculate the remainder when f is divided by 25.
24
Let w = 6 + 4. What is the remainder when ((-6)/(-4))/(3/36) is divided by w?
8
Let v(f) = -f - 9. Let d be v(-13). Suppose -4*j - 5*m = -24, -6*j - 11 = -j - d*m. What is the remainder when 1 is divided by j?
0
Suppose 18*f = 7*f + 33. What is the remainder when 6 is divided by f?
0
Suppose -10*t + 14*t = 12. Suppose -5*z - 14 - 16 = -5*k, -t*k = -z - 28. Calculate the remainder when 41 is divided by k.
8
Let u(s) = -3*s - 14. What is the remainder when 19 + (1 - 2) - -1 is divided by u(-8)?
9
Suppose 2 + 48 = 4*p - 2*c, 0 = -4*p + 3*c + 53. Let f be (-2 + 156/16)*12. What is the remainder when (f/(-15))/((-3)/15) is divided by p?
9
Let k be 1 + -4*4/(-4). Suppose k*y = y + 64. What is the remainder when 30 is divided by y?
14
Let a = -11 + 10. What is the remainder when 11 is divided by (-3)/(a*12/28)?
4
Suppose 0 = -2*a + 4*a. Let k(o) = 3 + 3 + a*o - o. What is the remainder when 37 is divided by k(-7)?
11
Let y be ((-2)/4)/((-3)/12). Let s be 2*y/(-4) + 1. Suppose -4*f = -4*o + 16, -o + 3*o + 5*f - 8 = s. What is the remainder when o is divided by 3?
1
Suppose 1 = -4*a + 17. Let r(t) = 5*t - a*t - t + 18 + t. What is the remainder when r(0) is divided by 10?
8
Let j be 1620/25*(6 - 1). Suppose c + 3*c = j. Let y = c - 35. What is the remainder when y is divided by 16?
14
Let z = -63 - -73. What is the remainder when z is divided by 4?
2
Let r(v) = 13*v**3 + v**2. Let x be r(-1). Let a be (-2)/(-8) - 21/x. Calculate the remainder when 20 is divided by a/5 - 159/(-15).
9
Let f(n) = -n**2 - 10*n + 26. What is the remainder when 8 is divided by f(-12)?
0
Let d = 11 - 6. Suppose 2*i - 13 = -2*f + 5, 5*i - 1 = -f. Calculate the remainder when 157/d - (-15)/25 is divided by f.
10
Suppose 2*s + 23 = -0*s - v, -4*v = -2*s - 48. Let z = -22 - s. Calculate the remainder when -2 + 3 + 2 - z is divided by 6.
5
Calculate the remainder when (-354)/(-14) - 20/70 is divided by 9.
7
Let y(d) = -d**2 - 6*d + 3. Let s be y(-6). Suppose s*m = m - 8. Let i = m + 9. Calculate the remainder when i is divided by 3.
2
Let j(t) = t**2 + 2*t - 3. What is the remainder when j(-7) is divided by 9?
5
Let w be (-4)/6 - (-14)/3. Suppose 2*f = -0 - w, 4*s - 32 = 2*f. What is the remainder when 19 is divided by s?
5
Suppose 0 = -11*c + 8*c + 27. What is the remainder when 53 is divided by c?
8
Let c(t) = 4*t**2. Suppose 122 = -5*d + 482. Suppose 69 = 3*g - d. What is the remainder when g is divided by c(-2)?
15
Let b(q) = 2*q**2 + 3*q + 2. Let k be b(-2). Suppose 2*i + 4*t + k = 0, i - 2*t = 6*i + 10. What is the remainder when 14 is divided by ((-9)/(-2) + i)*2?
4
Let j(o) = 2*o. Let v be j(3). Let z = v - -1. What is the remainder when z is divided by 5?
2
Let h = 72 - 51. What is the remainder when h is divided by 6?
3
Let t = 2 + 0. Let x = t - -3. Suppose 63 = x*s - 17. Calculate the remainder when s is divided by 9.
7
Suppose -p - 270 = -2*d, 5*d - 690 + 1 = -p. Calculate the remainder when d is divided by 46.
45
Let z = 55 - 39. Let s(k) = 3*k - 27. Calculate the remainder when z is divided by s(11).
4
Suppose -22 = 3*w + 41. Let k = 36 + w. What is the remainder when 43 is divided by k?
13
Suppose h + 18 = v, -5*v + 76 - 6 = -h. Calculate the remainder when 36 is divided by v.
1